Let k be (-41)/(-4) - 2/j. Let n = k + -13. Give o(n).
0
Let k(u) = 2*u**2 - 2 + 2*u**3 + 3*u**2 - 11*u**2 - 3*u**3 + 5*u. Determine k(-7).
12
Let w(h) = h. Let q = 20 - 8. Let r be q/3 - (-4 + 4 + -2). Determine w(r).
6
Let q(p) be the first derivative of p**3/3 + 5*p**2/2 + 4*p + 103. Determine q(-6).
10
Suppose 21*v - 96 = 37*v. Let a(m) = -m + 14. Calculate a(v).
20
Let p(h) = h**3 - 5*h**2 - 1. Suppose -4*d = 3*k + 1 - 48, -k + 4*d + 5 = 0. Suppose -4*y - 4*a + k = -7, 0 = -2*y + 2*a + 10. Give p(y).
-1
Let g(a) = a**3 - 18*a**2 + 34*a - 28. Let u be g(16). Let b(t) = t**2 - 8*t + 5. Give b(u).
-11
Let v(o) = -1714*o**2 + 10 - 7*o - 1715*o**2 + 3431*o**2. Give v(4).
14
Suppose 6*u - 2*u - 68 = 0. Suppose 3*a - 17 = -i, -5*i + 0*i = -2*a - u. Let j(l) = -l - 2*l + 3 + l. Determine j(a).
-5
Let a(w) = w**3 - 27*w**2 + 27*w - 24. Let q be a(26). Let t(j) = -j**2 + 7*j**3 - j**2 + 2*j - 10*j**3 + q*j**3. Determine t(2).
-12
Let k(o) = 3*o. Suppose 5*v + 2*z - 11 = 0, -v + 5 = 2*v + 2*z. Suppose -s - 4*i = v*s + 4, -5*i = 3*s - 1. Calculate k(s).
-9
Let z(p) = p**3 + 5*p**2 - 6*p + 5. Suppose -25 = -w + 2*d, -4*d + 17 + 68 = 3*w. Let s = -33 + w. Determine z(s).
5
Let b(p) = 3*p + 17*p**3 - 7*p**2 - 20*p**3 + 4*p**3 - 4*p - 3*p. Determine b(7).
-28
Suppose 0 = -3*q + 2*q + 5*n + 24, 25 = -5*q - 4*n. Let c(z) = 10*z. Calculate c(q).
-10
Suppose 14 = -6*b - b. Let r = b - -4. Suppose r*n - 13 - 5 = 0. Let t(i) = i - 2. Give t(n).
7
Suppose -r - 3*k = -4*k - 3, -3*r = -4*k - 13. Let a(t) be the first derivative of 5*t**3/3 + t**2/2 - 121. What is a(r)?
4
Let k(o) = -7*o**2 - 4*o - 3. Let d(c) = -c**3 + c**2 + 11*c - 16. Let l be d(3). What is k(l)?
-6
Let u(r) = r**2 - 3*r + 1. Suppose 7 = 2*a - a + m, 3*m = -a + 17. Let t be a/(-6)*(-9 - -3). Calculate u(t).
-1
Let n(t) = t**3 + 9*t**2 - 8*t + 13. Let y(s) = s**3 + 9*s**2 - 8*s + 12. Let p(b) = 7*n(b) - 6*y(b). What is p(-10)?
-1
Let h be (-86)/6 + 1/3. Let c = h + 15. Let v(q) = -9*q - 1. Determine v(c).
-10
Let o(z) = 35 - 10 + z**3 - 24*z**2 - 3*z + 15*z**2. Let p be o(9). Let j(q) = q + 2. Determine j(p).
0
Let f(t) = -7*t. Let h(p) = -3*p + 5*p - 1 + 5*p. Let b(q) = 3*f(q) + 2*h(q). Calculate b(-2).
12
Let a(w) be the third derivative of w**4/12 - w**3 - 5*w**2 - 2358*w. Suppose -3*g - 8 = 4. Let b be 50/8 - (-1)/g. Give a(b).
6
Let b(h) = 23*h**2 - 22*h + 29. Let k(z) = -7*z**2 + 7*z - 9. Let p(x) = -3*b(x) - 10*k(x). Suppose 6 + 5 = m + 4*l, -3*l = -6. Calculate p(m).
0
Let r be (-13)/(-13) + 1*2. Let l(f) = -5*f + 0*f**2 - 4*f**2 + 0*f**r - f**3 - f**2. Calculate l(-4).
4
Let r(f) = -f**2 + 3*f + 4. Let d(j) = 3*j - 7. Let o be d(-3). Let t = o - -21. What is r(t)?
-6
Let i(b) = 2*b**3 + 3*b**2 - 2*b + 2. Let o = -2193 - -2195. Determine i(o).
26
Let n(h) = -h - 2. Let b be (-38)/(-57)*(2 - 2 - 30). Let c(f) = 2*f**2 + 38*f - 46. Let a be c(b). Give n(a).
4
Let l(q) be the second derivative of -q**3/6 + 177*q. Calculate l(-6).
6
Let b(y) = 0*y**3 - 2 + y**3 - 4*y**2 + 3*y + 0*y. Suppose 0 = 3*l - 0*l + 6. Let f be 1/((10/l)/(-15)). Calculate b(f).
-2
Suppose 0 = -t + 5, -42*d + 5*t = -40*d - 23. Let k(a) = -a**2 + 26*a - 42. Determine k(d).
6
Let m = 47 - 43. Let u(t) = 1 - 5 + 8*t**2 - m*t + 5 - t**3 - 15*t**2. Calculate u(-6).
-11
Let c = 6 - -2. Let f(p) = p**2 - 9*p + 1. Let w be f(c). Let t(g) = 5*g - 7*g - 4*g - 2*g - 9 - g**2. What is t(w)?
-2
Let y = 378 - 362. Let q(l) = l**2 - 15*l - 20. Determine q(y).
-4
Suppose 164 - 36 = 2*t. Let w = t + -67. Let k(v) = v**3 + 2*v**2 - 3*v - 3. Calculate k(w).
-3
Let o(p) = -3*p - p + p. Let w be (533/(-65) - -9)/((-4)/10). What is o(w)?
6
Let b(u) be the third derivative of -u**5/60 + u**4/8 - 188*u**2 - 2. Give b(4).
-4
Let c(j) = -j**3 - j**2 + 4*j + 3. Let l be (8/10)/((-1)/(-5)). Let d be 56/4 + (5 - l). Suppose 3*h - 3 = -2*n, -4*h + d = -n - 0*h. Give c(n).
9
Let l(u) = -u + 22. Let i(h) = -23. Let n(p) = -2*i(p) - 3*l(p). What is n(5)?
-5
Let a(d) = 11*d**2 + d - 1. Let p be a(1). Suppose -3*i + p - 2 = 0. Let x = -4 + i. Let l(v) = 8*v**3 - v. Determine l(x).
-7
Suppose -28 = -0*j - j - 5*g, -2*g = -j. Let q(f) be the third derivative of f**5/60 - f**4/3 - 5*f**3/3 - f**2 + 37. Calculate q(j).
-10
Let h(m) = m**2 + 3*m - 1. Suppose -4*b - 2 = -14. Suppose v - b*s + 5 = 0, -3*v - v + 10 = -2*s. Suppose -v - 4 = 2*j. What is h(j)?
3
Let n(s) = s + 24 - 2*s + 31 - 31. Give n(27).
-3
Let r(t) be the third derivative of t**5/120 - 3*t**4/4 - 5*t**3/2 - 17*t**2. Let k(s) be the first derivative of r(s). What is k(10)?
-8
Let l(t) be the first derivative of -2*t**3/3 - t**2 - 185. Give l(-6).
-60
Suppose 2*s = 7 + 5. Let y(m) = 7*m**2 - 8*m + 8. Let u(j) = 2*j**2 - j + 4. Let v(o) = 3*u(o) - y(o). Determine v(s).
-2
Let u = 20 - 20. Let p be -4 + (8 - 5) - (u - -2). Let r(k) = k**3 + k**2 - 4*k + 1. Determine r(p).
-5
Let s(p) = p + 3*p**2 - 2*p - 7 + p**3 - 4*p**2. Let t(v) = 3*v**2 + 22*v - 5. Let h be t(-8). Suppose -h*a = 4*a. Calculate s(a).
-7
Let v(y) = 5*y - 1. Let b = -3 + -5. Let x be 6/(-33) - 303/(-33). Let c = x + b. Give v(c).
4
Let y(f) = -234*f - f**2 - 17 + 1 + 239*f + 0*f**2 + 2*f**2. Determine y(-7).
-2
Let q = 1 - -6. Suppose 0 = u - 4*b + 12, 5*u - 2*b - 3*b = 0. Let z(g) = u*g - q*g + 4*g + 4. What is z(-5)?
-1
Let l(o) be the first derivative of 0*o**3 + 1/120*o**6 - 1/24*o**4 - 5/2*o**2 - 3 + 0*o + 0*o**5. Let d(y) be the second derivative of l(y). Give d(1).
0
Suppose 4*g = -0*g - 44. Let i = 14 + g. Let q(t) = 1 + 3*t + t**i + t + 0 - 2 + 5*t**2. What is q(-4)?
-1
Suppose -5*c + 0*c - 10 = 2*y, 0 = 3*c - 4*y + 6. Let m(a) = -a**2 - 5*a - 3. What is m(c)?
3
Let q(m) = 5*m**2 - m - 8. Let n(g) = g**2 - g - 1. Let x(b) = 4*n(b) - q(b). Let d(v) = -v**2 - 3*v + 4. Let c(z) = -4*d(z) + 5*x(z). Determine c(-4).
0
Let d(x) = -13*x**3 - 2*x**2 + 1. Let l = 59 + -56. Suppose -l*z = 3*y + 15, -19 = -0*y - y + 5*z. Determine d(y).
12
Let i(r) be the second derivative of -r**5/60 + r**4/4 - r**3/3 + 11*r**2 + 6*r - 1. Let f(y) be the first derivative of i(y). What is f(6)?
-2
Suppose -4*x + 30 = x. Let o(s) = s**2 - 6*s - 2. Let f be o(x). Let w(k) = -k**2 - k + 2. Calculate w(f).
0
Let m(c) = c**3 + 6. Let o(f) = -4*f**3 - f**2 + 1. Let t be o(-1). Let i be (0 + 0)*t/(2 - -6). Determine m(i).
6
Let o(z) = -5*z - 5. Let h(c) = -10*c - 7*c - 9 + 7*c. Let x(k) = -4*h(k) + 7*o(k). Give x(-2).
-9
Let w(m) = m - 6. Let d = 10 - 12. Let r be d - -4*(-14)/8. Let z be r*(-1 + 4 + -4). Give w(z).
3
Let s(u) = -5*u - 13. Let b(k) = -k + 11. Let t be b(8). Let w be 2/t - (-160)/(-24). Let g(p) = -9*p - 25. Let x(n) = w*g(n) + 11*s(n). Calculate x(6).
1
Let c(h) = -h**3 - 9*h**2 - 4*h - 25. Let b be c(-9). Let y(a) = -14 - b + 31 - a**2 + 5*a. Determine y(7).
-8
Suppose -1 - 3 = r. Let l(j) be the third derivative of j**6/120 + j**5/12 + j**4/4 + j**3/3 - 2*j**2. Determine l(r).
-6
Let z(c) be the third derivative of c**4/12 + 5*c**3/6 + 7*c**2. Let b be 10/45 - (-56)/(-9). Determine z(b).
-7
Let a(s) = -16*s + 27. Let d(u) = 16*u - 798. Let o be d(50). What is a(o)?
-5
Suppose -4*n + 52 = -8. Suppose -5*d - 10 = -n. Suppose -8 = -3*a + d. Let x(o) = -o**2 + 3*o - 2. Give x(a).
-2
Let s(j) = -2*j**2 + 12*j + 5. Let w be s(6). Let a(x) = -x**3 + 2*x**2 - x. Let q(c) = c**3 - c**2 + c. Let f(k) = w*a(k) + 4*q(k). Determine f(5).
20
Let c = 6 + -4. Suppose 0 = -2*v + 4, 2*p - 7*p - 3*v + 11 = 0. Let l(a) = p - a**2 + 121*a**3 - 3*a**c - 120*a**3. Calculate l(4).
1
Let g(j) be the second derivative of -j**6/360 + 7*j**5/120 - j**4/4 + 13*j**3/6 + j. Let p(u) be the second derivative of g(u). Calculate p(4).
6
Let f(w) be the second derivative of w**5/20 + 5*w**4/6 + 3*w**3/2 - 5*w**2/2 - 412*w. What is f(-8)?
51
Let v(o) be the second derivative of -o**3/2 - 2*o**2 - 5*o. Let t be v(-4). Let k(b) = -b + 0*b - t + 3. Determine k(-6).
1
Let w(n) be the third derivative of n**5/60 + n**4/12 - n**3/2 + n**2 + n. Determine w(-4).
5
Let c(s) = s**3 + 48*s**2 + 44*s**2 - 79*s**2 - 5 - 10 - s. What is c(-13)?
-2
Let l(r) = 4 - 28993*r**3 + 0*r**2 + 28992*r**3 - 2*r + 4*r**2. Let c be (-2)/4*1*-8. Give l(c).
-4
Let w(u) = -4*u + 7. Let i(l) = -9*l + 15. Let x be ((-1)/3)/((-4)/60). Suppose -81 + 16 = x*a. Let n(m) = a*w(m) + 6*i(m). Calculate n